ctors of 2343?
3, 11, 71
List the prime factors of 25843.
43, 601
What are the prime factors of 434?
2, 7, 31
List the prime factors of 3142.
2, 1571
List the prime factors of 8559.
3, 317
List the prime factors of 1238.
2, 619
What are the prime factors of 22313?
53, 421
What are the prime factors of 2414?
2, 17, 71
What are the prime factors of 3679?
13, 283
List the prime factors of 692.
2, 173
What are the prime factors of 2047?
23, 89
What are the prime factors of 2574?
2, 3, 11, 13
List the prime factors of 21900.
2, 3, 5, 73
What are the prime factors of 22866?
2, 3, 37, 103
What are the prime factors of 517?
11, 47
What are the prime factors of 16615?
5, 3323
List the prime factors of 5159.
7, 11, 67
What are the prime factors of 1129?
1129
What are the prime factors of 202?
2, 101
What are the prime factors of 18215?
5, 3643
What are the prime factors of 11823?
3, 7, 563
What are the prime factors of 8282?
2, 41, 101
What are the prime factors of 7858?
2, 3929
What are the prime factors of 62295?
3, 5, 4153
List the prime factors of 43682.
2, 21841
List the prime factors of 964.
2, 241
What are the prime factors of 15501?
3, 5167
What are the prime factors of 284?
2, 71
What are the prime factors of 3986?
2, 1993
What are the prime factors of 2697?
3, 29, 31
What are the prime factors of 107679?
3, 11, 13, 251
List the prime factors of 4191.
3, 11, 127
What are the prime factors of 10164?
2, 3, 7, 11
What are the prime factors of 104867?
7, 71, 211
List the prime factors of 27066.
2, 3, 13, 347
List the prime factors of 15691.
13, 17, 71
What are the prime factors of 1699?
1699
What are the prime factors of 50329?
50329
List the prime factors of 383.
383
List the prime factors of 33546.
2, 3, 5591
What are the prime factors of 999?
3, 37
What are the prime factors of 3877?
3877
List the prime factors of 660.
2, 3, 5, 11
List the prime factors of 142073.
31, 4583
What are the prime factors of 2047?
23, 89
What are the prime factors of 60623?
60623
List the prime factors of 16211.
13, 29, 43
What are the prime factors of 368?
2, 23
What are the prime factors of 50444?
2, 12611
List the prime factors of 593.
593
What are the prime factors of 2129?
2129
What are the prime factors of 18388?
2, 4597
List the prime factors of 306.
2, 3, 17
What are the prime factors of 2691?
3, 13, 23
List the prime factors of 10017.
3, 7, 53
List the prime factors of 152127.
3, 16903
List the prime factors of 3578.
2, 1789
What are the prime factors of 49952?
2, 7, 223
List the prime factors of 569.
569
List the prime factors of 1624.
2, 7, 29
List the prime factors of 104326.
2, 52163
List the prime factors of 6248.
2, 11, 71
What are the prime factors of 11894?
2, 19, 313
List the prime factors of 472.
2, 59
List the prime factors of 2052.
2, 3, 19
What are the prime factors of 8487?
3, 23, 41
List the prime factors of 2453.
11, 223
List the prime factors of 1940.
2, 5, 97
What are the prime factors of 63534?
2, 3, 10589
List the prime factors of 24135.
3, 5, 1609
What are the prime factors of 106391?
106391
List the prime factors of 187046.
2, 93523
List the prime factors of 1922.
2, 31
What are the prime factors of 7181?
43, 167
What are the prime factors of 11348?
2, 2837
What are the prime factors of 4948?
2, 1237
What are the prime factors of 112884?
2, 3, 23, 409
What are the prime factors of 1456?
2, 7, 13
What are the prime factors of 84762?
2, 3, 17, 277
List the prime factors of 2491.
47, 53
What are the prime factors of 51504?
2, 3, 29, 37
What are the prime factors of 6616?
2, 827
List the prime factors of 713.
23, 31
What are the prime factors of 6282?
2, 3, 349
What are the prime factors of 4507?
4507
What are the prime factors of 115079?
115079
List the prime factors of 1152.
2, 3
List the prime factors of 1406.
2, 19, 37
List the prime factors of 3514.
2, 7, 251
What are the prime factors of 1863?
3, 23
List the prime factors of 823.
823
What are the prime factors of 41309?
101, 409
List the prime factors of 1569.
3, 523
What are the prime factors of 784?
2, 7
List the prime factors of 1229.
1229
List the prime factors of 922.
2, 461
List the prime factors of 1252.
2, 313
What are the prime factors of 1704?
2, 3, 71
What are the prime factors of 14673?
3, 67, 73
What are the prime factors of 9044?
2, 7, 17, 19
List the prime factors of 116046.
2, 3, 7, 307
What are the prime factors of 2368?
2, 37
List the prime factors of 2304.
2, 3
List the prime factors of 64608.
2, 3, 673
List the prime factors of 3943.
3943
What are the prime factors of 1006?
2, 503
What are the prime factors of 2333?
2333
What are the prime factors of 6776?
2, 7, 11
List the prime factors of 5360.
2, 5, 67
List the prime factors of 4880.
2, 5, 61
What are the prime factors of 34630?
2, 5, 3463
What are the prime factors of 31525?
5, 13, 97
List the prime factors of 640.
2, 5
List the prime factors of 10155.
3, 5, 677
What are the prime factors of 99?
3, 11
List the prime factors of 621.
3, 23
What are the prime factors of 38468?
2, 59, 163
What are the prime factors of 53998?
2, 7, 19, 29
What are the prime factors of 38420?
2, 5, 17, 113
What are the prime factors of 21?
3, 7
List the prime factors of 1947.
3, 11, 59
What are the prime factors of 728?
2, 7, 13
What are the prime factors of 7438?
2, 3719
List the prime factors of 5371.
41, 131
What are the prime factors of 37133?
71, 523
What are the prime factors of 69?
3, 23
List the prime factors of 4077.
3, 151
List the prime factors of 2506.
2, 7, 179
List the prime factors of 100.
2, 5
List the prime factors of 3882.
2, 3, 647
What are the prime factors of 1479?
3, 17, 29
What are the prime factors of 108168?
2, 3, 4507
List the prime factors of 19286.
2, 9643
List the prime factors of 5119.
5119
What are the prime factors of 9382?
2, 4691
List the prime factors of 855.
3, 5, 19
List the prime factors of 278.
2, 139
List the prime factors of 229.
229
List the prime factors of 1470.
2, 3, 5, 7
List the prime factors of 57414.
2, 3, 7, 1367
What are the prime factors of 8558?
2, 11, 389
List the prime factors of 12759.
3, 4253
List the prime factors of 1332.
2, 3, 37
List the prime factors of 1058.
2, 23
What are the prime factors of 1471?
1471
List the prime factors of 72476.
2, 18119
List the prime factors of 56772.
2, 3, 19, 83
What are the prime factors of 78180?
2, 3, 5, 1303
List the prime factors of 12102.
2, 3, 2017
What are the prime factors of 56237?
56237
What are the prime factors of 2819?
2819
What are the prime factors of 664?
2, 83
What are the prime factors of 3219?
3, 29, 37
List the prime factors of 294.
2, 3, 7
What are the prime factors of 3504?
2, 3, 73
List the prime factors of 1704.
2, 3, 71
What are the prime factors of 719?
719
What are the prime factors of 1169?
7, 167
List the prime factors of 262.
2, 131
List the prime factors of 1823.
1823
List the prime factors of 2244.
2, 3, 11, 17
What are the prime factors of 2275?
5, 7, 13
List the prime factors of 1584.
2, 3, 11
What are the prime factors of 14199?
3, 4733
What are the prime factors of 1384?
2, 173
List the prime factors of 148396.
2, 23, 1613
What are the prime factors of 47799?
3, 47, 113
List the prime factors of 22812.
2, 3, 1901
What are the prime factors of 86930?
2, 5, 8693
What are the prime factors of 1479?
3, 17, 29
List the prime factors of 6478.
2, 41, 79
List the prime factors of 1343.
17, 79
List the prime factors of 83524.
2, 7, 19, 157
List the prime factors of 794.
2, 397
What are the prime factors of 1113?
3, 7, 53
What are the prime factors of 939?
3, 313
List the prime factors of 2142.
2, 3, 7, 17
What are the prime factors of 987?
3, 7, 47
List the prime factors of 22794.
2, 3, 29, 131
List the prime factors of 4394.
2, 13
List the prime factors of 160495.
5, 32099
List the prime factors of 15984.
2, 3, 37
What are the prime factors of 21420?
2, 3, 5, 7, 17
List the prime factors of 2859.
3, 953
What are the prime factors of 13946?
2, 19, 367
What are the prime factors of 15108?
2, 3, 1259
What are the prime factors of 3153?
3, 1051
List the prime factors of 665.
5, 7, 19
What are the prime factors of 260?
2, 5, 13
List the prime factors of 108322.
2, 41, 1321
List the prime factors of 2359.
7, 337
List